[INFO] fetching crate async-jobs 0.2.0...
[INFO] checking async-jobs-0.2.0 against master#9610dfe5a9a731ced1ea4923ecbd0c57fe367898 for beta-170-4
[INFO] extracting crate async-jobs 0.2.0 into /workspace/builds/worker-3-tc1/source
[INFO] validating manifest of crates.io crate async-jobs 0.2.0 on toolchain 9610dfe5a9a731ced1ea4923ecbd0c57fe367898
[INFO] running `Command { std: CARGO_HOME="/workspace/cargo-home" RUSTUP_HOME="/workspace/rustup-home" "/workspace/cargo-home/bin/cargo" "+9610dfe5a9a731ced1ea4923ecbd0c57fe367898" "metadata" "--manifest-path" "Cargo.toml" "--no-deps", kill_on_drop: false }`
[INFO] started tweaking crates.io crate async-jobs 0.2.0
[INFO] finished tweaking crates.io crate async-jobs 0.2.0
[INFO] tweaked toml for crates.io crate async-jobs 0.2.0 written to /workspace/builds/worker-3-tc1/source/Cargo.toml
[INFO] running `Command { std: CARGO_HOME="/workspace/cargo-home" RUSTUP_HOME="/workspace/rustup-home" __CARGO_TEST_CHANNEL_OVERRIDE_DO_NOT_USE_THIS="nightly" "/workspace/cargo-home/bin/cargo" "+9610dfe5a9a731ced1ea4923ecbd0c57fe367898" "generate-lockfile" "--manifest-path" "Cargo.toml" "-Zno-index-update", kill_on_drop: false }`
[INFO] running `Command { std: CARGO_HOME="/workspace/cargo-home" RUSTUP_HOME="/workspace/rustup-home" "/workspace/cargo-home/bin/cargo" "+9610dfe5a9a731ced1ea4923ecbd0c57fe367898" "fetch" "--manifest-path" "Cargo.toml", kill_on_drop: false }`
[INFO] running `Command { std: "docker" "create" "-v" "/var/lib/crater-agent-workspace/builds/worker-3-tc1/target:/opt/rustwide/target:rw,Z" "-v" "/var/lib/crater-agent-workspace/builds/worker-3-tc1/source:/opt/rustwide/workdir:ro,Z" "-v" "/var/lib/crater-agent-workspace/cargo-home:/opt/rustwide/cargo-home:ro,Z" "-v" "/var/lib/crater-agent-workspace/rustup-home:/opt/rustwide/rustup-home:ro,Z" "-e" "SOURCE_DIR=/opt/rustwide/workdir" "-e" "CARGO_TARGET_DIR=/opt/rustwide/target" "-e" "CARGO_HOME=/opt/rustwide/cargo-home" "-e" "RUSTUP_HOME=/opt/rustwide/rustup-home" "-w" "/opt/rustwide/workdir" "-m" "1610612736" "--user" "0:0" "--network" "none" "ghcr.io/rust-lang/crates-build-env/linux@sha256:19e73879b68f455e41552ea35293514db52ea292d993f571636dbffedb77a1ee" "/opt/rustwide/cargo-home/bin/cargo" "+9610dfe5a9a731ced1ea4923ecbd0c57fe367898" "metadata" "--no-deps" "--format-version=1", kill_on_drop: false }`
[INFO] [stdout] 9b51d3e7497c6bd2c57ac84e7de5d1bc8c137a7cc48906e2368ce1001fcec7d0
[INFO] running `Command { std: "docker" "start" "-a" "9b51d3e7497c6bd2c57ac84e7de5d1bc8c137a7cc48906e2368ce1001fcec7d0", kill_on_drop: false }`
[INFO] running `Command { std: "docker" "inspect" "9b51d3e7497c6bd2c57ac84e7de5d1bc8c137a7cc48906e2368ce1001fcec7d0", kill_on_drop: false }`
[INFO] running `Command { std: "docker" "rm" "-f" "9b51d3e7497c6bd2c57ac84e7de5d1bc8c137a7cc48906e2368ce1001fcec7d0", kill_on_drop: false }`
[INFO] [stdout] 9b51d3e7497c6bd2c57ac84e7de5d1bc8c137a7cc48906e2368ce1001fcec7d0
[INFO] running `Command { std: "docker" "create" "-v" "/var/lib/crater-agent-workspace/builds/worker-3-tc1/target:/opt/rustwide/target:rw,Z" "-v" "/var/lib/crater-agent-workspace/builds/worker-3-tc1/source:/opt/rustwide/workdir:ro,Z" "-v" "/var/lib/crater-agent-workspace/cargo-home:/opt/rustwide/cargo-home:ro,Z" "-v" "/var/lib/crater-agent-workspace/rustup-home:/opt/rustwide/rustup-home:ro,Z" "-e" "SOURCE_DIR=/opt/rustwide/workdir" "-e" "CARGO_TARGET_DIR=/opt/rustwide/target" "-e" "CARGO_INCREMENTAL=0" "-e" "RUST_BACKTRACE=full" "-e" "RUSTFLAGS=--cap-lints=forbid" "-e" "RUSTDOCFLAGS=--cap-lints=forbid" "-e" "CARGO_HOME=/opt/rustwide/cargo-home" "-e" "RUSTUP_HOME=/opt/rustwide/rustup-home" "-w" "/opt/rustwide/workdir" "-m" "1610612736" "--user" "0:0" "--network" "none" "ghcr.io/rust-lang/crates-build-env/linux@sha256:19e73879b68f455e41552ea35293514db52ea292d993f571636dbffedb77a1ee" "/opt/rustwide/cargo-home/bin/cargo" "+9610dfe5a9a731ced1ea4923ecbd0c57fe367898" "check" "--frozen" "--all" "--all-targets" "--message-format=json", kill_on_drop: false }`
[INFO] [stdout] 42afff351deb919a4a1e1f67d4b25d783570e2499100680539e172b9d7d7ce28
[INFO] running `Command { std: "docker" "start" "-a" "42afff351deb919a4a1e1f67d4b25d783570e2499100680539e172b9d7d7ce28", kill_on_drop: false }`
[INFO] [stderr]     Blocking waiting for file lock on package cache
[INFO] [stderr]    Compiling futures-core v0.3.28
[INFO] [stderr]    Compiling libc v0.2.144
[INFO] [stderr]    Compiling slab v0.4.8
[INFO] [stderr]     Checking futures-io v0.3.28
[INFO] [stderr]    Compiling crossbeam-utils v0.8.15
[INFO] [stderr]    Compiling log v0.4.18
[INFO] [stderr]     Checking value-bag v1.4.0
[INFO] [stderr]     Checking event-listener v2.5.3
[INFO] [stderr]    Compiling futures-channel v0.3.28
[INFO] [stderr]     Checking parking v2.1.0
[INFO] [stderr]    Compiling io-lifetimes v1.0.11
[INFO] [stderr]    Compiling futures-task v0.3.28
[INFO] [stderr]     Checking fastrand v1.9.0
[INFO] [stderr]     Checking waker-fn v1.1.0
[INFO] [stderr]     Checking async-lock v2.7.0
[INFO] [stderr]    Compiling syn v2.0.18
[INFO] [stderr]     Checking futures-lite v1.13.0
[INFO] [stderr]    Compiling polling v2.8.0
[INFO] [stderr]    Compiling futures-util v0.3.28
[INFO] [stderr]    Compiling rustix v0.37.19
[INFO] [stderr]     Checking concurrent-queue v2.2.0
[INFO] [stderr]     Checking futures-sink v0.3.28
[INFO] [stderr]    Compiling async-io v1.13.0
[INFO] [stderr]     Checking async-task v4.4.0
[INFO] [stderr]     Checking linux-raw-sys v0.3.8
[INFO] [stderr]    Compiling syn v1.0.109
[INFO] [stderr]     Checking async-channel v1.8.0
[INFO] [stderr]     Checking atomic-waker v1.1.1
[INFO] [stderr]     Checking kv-log-macro v1.0.7
[INFO] [stderr]     Checking socket2 v0.4.9
[INFO] [stderr]     Checking num_cpus v1.15.0
[INFO] [stderr]     Checking downcast-rs v1.2.0
[INFO] [stderr]     Checking async-executor v1.5.1
[INFO] [stderr]     Checking blocking v1.3.1
[INFO] [stderr]     Checking async-global-executor v2.3.1
[INFO] [stderr]    Compiling futures-macro v0.3.28
[INFO] [stderr]    Compiling async-attributes v1.1.2
[INFO] [stderr]     Checking async-std v1.12.0
[INFO] [stderr]     Checking futures-executor v0.3.28
[INFO] [stderr]     Checking futures v0.3.28
[INFO] [stderr]     Checking async-jobs v0.2.0 (/opt/rustwide/workdir)
[INFO] [stdout] error[E0310]: the parameter type `E` may not live long enough
[INFO] [stdout]    --> src/lib.rs:276:43
[INFO] [stdout]     |
[INFO] [stdout] 276 |                     state: State::Pending(e.job.into_job()),
[INFO] [stdout]     |                                           ^^^^^^^^^^^^^^^^ ...so that the type `E` will meet its required lifetime bounds
[INFO] [stdout]     |
[INFO] [stdout] help: consider adding an explicit lifetime bound...
[INFO] [stdout]     |
[INFO] [stdout] 250 | impl<C, E: 'static> Plan<C, E> {
[INFO] [stdout]     |          +++++++++
[INFO] [stdout] 
[INFO] [stdout] 
[INFO] [stdout] error[E0310]: the parameter type `C` may not live long enough
[INFO] [stdout]    --> src/lib.rs:276:43
[INFO] [stdout]     |
[INFO] [stdout] 276 |                     state: State::Pending(e.job.into_job()),
[INFO] [stdout]     |                                           ^^^^^^^^^^^^^^^^ ...so that the type `C` will meet its required lifetime bounds
[INFO] [stdout]     |
[INFO] [stdout] help: consider adding an explicit lifetime bound...
[INFO] [stdout]     |
[INFO] [stdout] 250 | impl<C: 'static, E> Plan<C, E> {
[INFO] [stdout]     |       +++++++++
[INFO] [stdout] 
[INFO] [stdout] 
[INFO] [stdout] error: aborting due to 2 previous errors
[INFO] [stdout] 
[INFO] [stdout] 
[INFO] [stdout] For more information about this error, try `rustc --explain E0310`.
[INFO] [stdout] 
[INFO] [stderr] error: could not compile `async-jobs` (lib) due to 3 previous errors
[INFO] [stderr] warning: build failed, waiting for other jobs to finish...
[INFO] [stdout] error[E0310]: the parameter type `E` may not live long enough
[INFO] [stdout]    --> src/lib.rs:276:43
[INFO] [stdout]     |
[INFO] [stdout] 276 |                     state: State::Pending(e.job.into_job()),
[INFO] [stdout]     |                                           ^^^^^^^^^^^^^^^^ ...so that the type `E` will meet its required lifetime bounds
[INFO] [stdout]     |
[INFO] [stdout] help: consider adding an explicit lifetime bound...
[INFO] [stdout]     |
[INFO] [stdout] 250 | impl<C, E: 'static> Plan<C, E> {
[INFO] [stdout]     |          +++++++++
[INFO] [stdout] 
[INFO] [stdout] 
[INFO] [stdout] error[E0310]: the parameter type `C` may not live long enough
[INFO] [stdout]    --> src/lib.rs:276:43
[INFO] [stdout]     |
[INFO] [stdout] 276 |                     state: State::Pending(e.job.into_job()),
[INFO] [stdout]     |                                           ^^^^^^^^^^^^^^^^ ...so that the type `C` will meet its required lifetime bounds
[INFO] [stdout]     |
[INFO] [stdout] help: consider adding an explicit lifetime bound...
[INFO] [stdout]     |
[INFO] [stdout] 250 | impl<C: 'static, E> Plan<C, E> {
[INFO] [stdout]     |       +++++++++
[INFO] [stdout] 
[INFO] [stdout] 
[INFO] [stdout] error: aborting due to 2 previous errors
[INFO] [stdout] 
[INFO] [stdout] 
[INFO] [stdout] For more information about this error, try `rustc --explain E0310`.
[INFO] [stdout] 
[INFO] [stderr] error: could not compile `async-jobs` (lib test) due to 3 previous errors
[INFO] running `Command { std: "docker" "inspect" "42afff351deb919a4a1e1f67d4b25d783570e2499100680539e172b9d7d7ce28", kill_on_drop: false }`
[INFO] running `Command { std: "docker" "rm" "-f" "42afff351deb919a4a1e1f67d4b25d783570e2499100680539e172b9d7d7ce28", kill_on_drop: false }`
[INFO] [stdout] 42afff351deb919a4a1e1f67d4b25d783570e2499100680539e172b9d7d7ce28
